2*k + 310 = v. Let q(x) = 12*x + 3. Let m be q(3). Let r = -23 + m. What is the highest common divisor of v and r?
16
Let j(w) = -w**2 - w - 89. Let u be j(0). Let q = u - -95. What is the highest common divisor of q and 3?
3
Let o = 43 + -43. Let p be o/(-1) - (3/(-1))/3. Calculate the greatest common divisor of 1 and p.
1
Let f(n) = 22*n**2 - 22*n + 22. Let p be f(1). What is the highest common factor of 38 and p?
2
Let c(b) = 81*b - 51. Let x be c(11). Suppose 2*v - 3*s = 560, 5*v + 5*s + x = 8*v. What is the highest common factor of v and 40?
40
Let o = -235 - -350. Suppose -13*u + 115 = -8*u. Calculate the highest common factor of u and o.
23
Let u(j) = 2*j**3 + 5*j**2 + 4*j - 4. Let t be u(4). Let y = t - 132. What is the highest common factor of 11 and y?
11
Let l be -10*(-3 + 45/(-3)). Let f be 1*3*(-368)/12. Let i = f + l. Calculate the highest common divisor of 11 and i.
11
Let v(b) = -10*b - 423. Let u be v(-46). What is the highest common divisor of 1184 and u?
37
Let r = -23 + 151. Calculate the greatest common factor of 16 and r.
16
Let l be -15 - -163 - 13/(-1). What is the greatest common factor of l and 897?
23
Let d = -1265 - -2015. What is the greatest common factor of 15 and d?
15
Let n be (-2 - -1)/(1/(-44)). Suppose -2*k = 3*k - 25. Suppose 27 = a + z - 5*z, -k*z = 20. What is the highest common divisor of a and n?
11
Suppose 518*d = 519*d - 15. Calculate the greatest common factor of 285 and d.
15
Let b = 395 - 343. Calculate the highest common divisor of 234 and b.
26
Suppose -5*w = -3*w - 4. Let o(f) = -f**3 + 9*f - f + 10 + 6*f**w - f - 1. Let s be o(7). What is the greatest common factor of s and 9?
9
Suppose 0 = -296*v + 282*v + 1372. What is the greatest common factor of 245 and v?
49
Let f be 132*(-9 - -10) - 2. Calculate the highest common factor of 25 and f.
5
Suppose -4*b + 229 = 5*u, -u + 18 = -b - 26. Let r be 304/12 - (-308)/66. Calculate the greatest common divisor of r and u.
15
Suppose 42 = 3*y + 3*k, -23 - 55 = -5*y - k. Let s = -14 - -21. Suppose s*m + 0*m = 336. Calculate the greatest common divisor of y and m.
16
Let c = 8 - 17. Let p(n) = n**2 + 7*n - 8. Let s be p(c). What is the greatest common divisor of 30 and s?
10
Suppose 4*p = -m - 4*m - 12, p + 10 = -3*m. Let r(u) = 2*u**3 + u**2 - u + 4. Let o be r(p). What is the greatest common factor of 110 and o?
22
Let i = -3 - -7. Suppose -2*w + i*g = -22 + 4, 3*g + 12 = 0. What is the highest common divisor of 1 and w?
1
Let k(y) = -2*y**3 - 5*y**2 - 2*y + 143. Let r be k(0). What is the highest common factor of r and 117?
13
Let r be 84/(-105)*(-165)/2. What is the greatest common factor of 12 and r?
6
Let q = 2364 + -1187. What is the greatest common divisor of q and 11?
11
Let u be (-2 - (-8 - -3)) + (1 - -8). Suppose u*s - 9*s = 216. Calculate the highest common factor of 24 and s.
24
Let a(j) = j**3 - j**2 - 2*j - 3. Let o be a(3). Suppose -12*u = 4 - 52. Suppose k = -u, k + 11 = 3*v + 5*k. What is the highest common divisor of v and o?
9
Let x = 1386 + -791. Calculate the highest common divisor of x and 35.
35
Suppose 5*s - 4*h + 9*h - 225 = 0, -57 = -s + 5*h. Suppose -517 = -n + p, 3*p - 2897 = -4*n - 829. What is the greatest common factor of n and s?
47
Let k = -1667 - -2160. Calculate the highest common divisor of k and 58.
29
Let l = -23 + -9. Let i = l + 53. Calculate the highest common factor of 7 and i.
7
Let z be (1/(-2))/((-44)/968) + -7. What is the highest common divisor of 292 and z?
4
Let c = -605 + 631. What is the greatest common factor of c and 13?
13
Suppose z - 392 = -z. Let v(w) = 20*w + 8. Let p be v(7). Suppose 0 = 5*h + 2*b - 4*b - p, -5*h + b + 144 = 0. What is the greatest common divisor of h and z?
28
Let j(o) = 4*o + 174. Let q be j(-24). Suppose 0 = -k + 6. What is the greatest common divisor of k and q?
6
Let l(y) = -y**3 - 6*y**2 - 4*y + 3. Let w be l(-5). Let u be 0 - ((-6 - w) + -2). Let d = -605 + 671. Calculate the highest common factor of d and u.
6
Let r = 27 + -10. Let u(g) = 9*g**2 - 58*g - 34. Let q be u(7). What is the greatest common divisor of q and r?
1
Let m be (6/4)/((45/40)/3). Calculate the greatest common divisor of 40 and m.
4
Suppose -9*j + 4*j + 4*t + 83 = 0, 67 = 5*j + 4*t. What is the highest common factor of j and 9?
3
Suppose -5*j - 20 = 5*l, j + 4*l + 0*l + 16 = 0. Let r be (2/6 - 1)*(j + -12). Calculate the greatest common divisor of 6 and r.
2
Suppose -14*c + 64 + 132 = 0. What is the highest common divisor of 238 and c?
14
Suppose y + 6*f - 31 = 11*f, -2*y = 2*f - 62. What is the greatest common factor of y and 1?
1
Suppose c = -4*k + 119, 4*c = 5*c + 3*k - 123. What is the highest common divisor of c and 60?
15
Let r = 75 + -39. What is the highest common factor of r and 54?
18
Let d be 26/(-13) + (-48 - -1). Let s be (-1001)/d - (-8)/14. What is the greatest common factor of s and 231?
21
Suppose 0*c - c = 0. Suppose -99 = -y + 3*k, 2*y - 2*k - 128 - 58 = c. Suppose 4*b - y = -b. What is the highest common divisor of b and 36?
18
Let w be (2*7/10)/(116/580). Let v = 53 - 25. Calculate the highest common divisor of w and v.
7
Suppose 3*r = -3*m + 753, 4*m + 2*r = 7*r + 1031. Suppose 1 = 3*y - m. Suppose -4*z + 25 = -43. What is the highest common factor of y and z?
17
Let g be (-1 - (3 + -6)) + -2. Suppose -2*v + 2*q + 38 = -g*v, -4*q = 4*v - 68. What is the highest common factor of v and 9?
9
Suppose -4*x + 5 = 6*i - i, -2*x = 5*i - 5. Let u = i + 11. Calculate the highest common factor of u and 6.
6
Let o(u) = 5*u + 82. Let c be o(-8). Let j = 38 + -10. What is the highest common divisor of c and j?
14
Let y be (-1263)/(-11) + (-222)/(-1221). Calculate the greatest common factor of 299 and y.
23
Let j(a) = -2*a + 5. Let w be j(0). Suppose 225 = 4*p + w. What is the greatest common factor of 440 and p?
55
Let m = 12 - 3. Suppose 4*g = 2*f + 6, 4*f - 35 = -5*g + 5. Suppose -g*c - 30 = -42. Calculate the greatest common divisor of m and c.
3
Let m(w) be the first derivative of -w**2/2 + 176*w - 1. Let q be 0*((-13 - -6) + 8). Let r be m(q). Calculate the highest common factor of r and 22.
22
Suppose 85 - 533 = -16*q. Calculate the highest common factor of q and 7.
7
Let b(d) = -10*d + 2. Let p be b(-2). Let s be (-32 - -34)/((-2)/(-22)). Calculate the greatest common factor of s and p.
22
Let m be 81/15 + (-15)/(-25). What is the greatest common factor of m and 21?
3
Let x = 222 + -182. Let a = 42 - 37. What is the highest common factor of x and a?
5
Let n(a) = 486*a**3. Let p be n(1). Calculate the greatest common factor of 18 and p.
18
Let i(w) = w - 3. Let r be i(7). Suppose -2*o - r*m = -20, 8 = -o + 3*m - 7. Suppose o*q - 72 = -q. Calculate the greatest common divisor of q and 24.
24
Let u(t) = -t**3 - 3*t**2 - 3*t - 8. Let o be u(-3). What is the highest common divisor of o and 3?
1
Let a be (6/3)/((-12)/(-990)). What is the greatest common factor of 22 and a?
11
Let k(m) = 12*m**2. Let u be k(1). Let a = 106 - 98. What is the highest common divisor of u and a?
4
Let b be 4 - 2 - (4 - 0). Let d be (3/(-4))/(2/(-8)). Let p be b - (-1 - (1 + d)). Calculate the greatest common divisor of 24 and p.
3
Let x = 24 + -22. Suppose -x*p - 80 = -7*p. What is the greatest common divisor of p and 2?
2
Let t = 34 + -27. Suppose 28 = 5*w + 4*k, 4*k - t - 1 = 0. What is the highest common divisor of 4 and w?
4
Let v = 812 + -740. Calculate the greatest common factor of v and 396.
36
Let q be -2 + 3 + 6/(-2). Let k be 51*(7/(-3) - q). Let v = -5 - k. What is the greatest common divisor of 48 and v?
12
Let x be (-33)/2 - (-2)/4. Let r(k) = -8*k + 10. Let c be r(-1). Let m = x + c. Calculate the greatest common divisor of m and 4.
2
Suppose 5*b = 22 + 18. Let g = b + -40. Let w be 12/8*g/(-3). Calculate the highest common divisor of w and 176.
16
Suppose 2*x - 3*x + 4 = 0. Suppose 50 = -0*b + 4*b - 2*a, -x*b + a + 51 = 0. Let w be (-5)/((-50)/65)*8*2. What is the highest common factor of b and w?
13
Suppose -2*f - 4*f + 1398 = 0. Let t = f + 157. Calculate the greatest common divisor of 39 and t.
39
Suppose 140 = -7*p + 11*p. What is the greatest common factor of p and 105?
35
Let l = 18 - 12. Let s(r) = 222 + r - 224 + 3*r. Let n be s(l). Calculate the highest common factor of 2 and n.
2
Suppos